9*v**2 + 9*v - 33. What is n(9)?
48
Let y(w) = 40*w**2 + 2317*w - 179. Give y(-58).
-5
Let o(x) = -353*x - 8835. Calculate o(-25).
-10
Let i(y) = -3*y**3 + 234*y**2 - 463*y - 3. Determine i(2).
-17
Let s(f) = -17*f**2 - 49*f + 338. Determine s(-6).
20
Let h(z) = 41*z + 996. Calculate h(-25).
-29
Let j(w) = -7*w**2 - 11*w - 101. What is j(-7)?
-367
Let o(q) = 4*q**2 + 24*q + 29. Determine o(-9).
137
Let m(o) = -27*o + 109. What is m(6)?
-53
Let h(n) = n**2 - 2393. Give h(-49).
8
Let v(w) = -2*w**2 + 4*w + 44. Give v(-4).
-4
Let i(r) = -r**2 - 2*r + 83. Give i(7).
20
Let k(n) = -n**3 + 14*n**2 - 38*n - 18. Give k(10).
2
Let a(t) = 5*t**2 - 11*t - 85. Give a(-13).
903
Let w(n) = -27*n**2 + 119*n - 9. Determine w(4).
35
Let h(z) = -z**2 - 18*z + 22. Give h(-12).
94
Let p(g) = -2*g**2 + 39*g - 161. What is p(6)?
1
Let w(c) = 221*c - 13262. What is w(60)?
-2
Let s(r) = -43*r - 1425. Give s(-37).
166
Let z(g) = 2*g**3 - 58*g**2 - 59*g - 21. Give z(30).
9
Let x(i) = i**3 + 17*i**2 - 3*i - 5. What is x(-17)?
46
Let p(x) = x**2 - 60*x - 5045. What is p(107)?
-16
Let a(s) = 6*s**2 - 231*s + 543. What is a(36)?
3
Let h(g) = 2*g**2 - 69*g + 496. Give h(21).
-71
Let x(o) = -o**3 - 73*o**2 + 140*o - 379. Determine x(-75).
371
Let o(x) = -140*x + 2098. Give o(15).
-2
Let f(y) = -860*y - 9456. Calculate f(-11).
4
Let x(j) = j**3 - 13*j**2 + 18*j + 58. Determine x(11).
14
Let c(k) = k**3 + 2*k**2 + 32*k + 334. Calculate c(-6).
-2
Let o(c) = 3*c**3 - 3*c**2 + 17*c - 15. Give o(1).
2
Let c(h) = 6*h - 230. Determine c(-3).
-248
Let n(u) = -36*u**2 - 51*u - 9. Calculate n(-1).
6
Let t(x) = -7*x**2 - 10*x + 7. Determine t(1).
-10
Let t(i) = -i**3 - 42*i**2 + 458*i + 28. Calculate t(9).
19
Let q(h) = -2*h**2 + 562*h - 2754. Give q(5).
6
Let d(c) = -65*c - 796. Determine d(-12).
-16
Let p(c) = -70*c - 531. Determine p(-7).
-41
Let t(l) = -l**3 + 4*l**2 + 203*l + 921. Calculate t(-8).
65
Let c(k) = k**3 - 16*k**2 - 77*k - 3. Give c(-4).
-15
Let q(f) = -60*f - 7089. Determine q(-118).
-9
Let w(z) = -z**2 - 878*z - 169622. Determine w(-287).
-5
Let u(b) = 5*b - 45. Calculate u(8).
-5
Let z(t) = 2*t**2 + 153*t - 566. Give z(-80).
-6
Let o(y) = -142*y - 25276. What is o(-178)?
0
Let t(f) = f**3 - 47*f**2 + 74*f + 733. Give t(45).
13
Let g(w) = 155*w - 1715. Determine g(11).
-10
Let m(u) = -u**3 - 37*u**2 - 71*u - 61. What is m(-35)?
-26
Let l(w) = -13*w - 249. Give l(-19).
-2
Let d(a) = -27*a + 749. Give d(28).
-7
Let x(s) = -6*s**2 - 903*s + 11696. Give x(12).
-4
Let j(u) = -u**3 + 20*u**2 + 69*u - 1135. Give j(7).
-15
Let r(f) = 6*f**2 + 801*f - 2873. Give r(-137).
4
Let f(y) = 42*y + 5387. What is f(-129)?
-31
Let g(m) = 542*m - 73705. Give g(136).
7
Let n(u) = 4*u**3 - 62*u**2 + 38*u - 110. Give n(15).
10
Let i(z) = -z**3 - 9*z**2 - 3*z - 16. What is i(-7)?
-93
Let m(n) = 30*n + 991. Calculate m(-33).
1
Let j(s) = 7*s**3 - 687*s**2 + 99*s + 89. Determine j(98).
187
Let l(t) = -419*t + 2519. Give l(6).
5
Let k(n) = -2*n**2 + 24*n - 225. What is k(12)?
-225
Let a(m) = m**3 - 77*m**2 + 74*m + 213. Calculate a(76).
61
Let l(c) = c**2 + 177*c + 358. What is l(-2)?
8
Let c(u) = 6*u**2 - u + 12. Determine c(-5).
167
Let n(l) = l**3 + 37*l**2 - 68*l - 125. What is n(-39)?
-515
Let z(c) = -4*c**3 - 127*c**2 + 5352*c + 14. What is z(24)?
14
Let l(y) = -238*y + 34281. Give l(144).
9
Let p(a) = 2*a**2 - 31*a + 165. Calculate p(18).
255
Let s(d) = -35*d**2 - 3819*d - 436. Give s(-109).
0
Let o(a) = 288*a + 1370. Give o(-5).
-70
Let x(j) = -2*j**3 - 6*j**2 - 5*j - 38. Calculate x(-6).
208
Let t(x) = 13605*x + 27217. Calculate t(-2).
7
Let h(w) = -2*w**3 + 37*w**2 + 397*w - 79. Calculate h(26).
103
Let l(a) = a**3 - 54*a**2 + 118*a + 1770. Calculate l(51).
-15
Let n(k) = 1454*k + 95975. Determine n(-66).
11
Let x(h) = 3864*h - 42531. Calculate x(11).
-27
Let w(h) = 2*h**2 - 15*h - 125. Determine w(16).
147
Let y(o) = o**3 + 22*o**2 - 184*o + 35. Give y(6).
-61
Let t(q) = -28*q**2 - 751*q + 120. Calculate t(-27).
-15
Let z(m) = m**3 - 39*m**2 - m + 363. Calculate z(0).
363
Let c(l) = 230*l + 49. Give c(0).
49
Let f(k) = k**3 + 4*k**2 - 41*k + 66. What is f(-11)?
-330
Let a(y) = -4*y**2 - 25*y + 59. Give a(-15).
-466
Let z(c) = -2179*c + 18. Give z(0).
18
Let r(c) = -3*c**3 + 57*c**2 - 196*c - 196. Determine r(14).
0
Let i(m) = -3*m**2 + 62*m - 304. Give i(13).
-5
Let q(s) = 40*s - 846. What is q(21)?
-6
Let m(q) = -23*q**2 - 807*q - 47. Determine m(-35).
23
Let c(m) = 2*m**2 - 47*m - 105. Give c(25).
-30
Let y(l) = l**3 - 26*l**2 - 23*l - 106. Calculate y(27).
2
Let y(x) = -x**3 - 15*x**2 - 2*x + 10. Give y(-15).
40
Let h(g) = -28*g - 8. What is h(-7)?
188
Let v(w) = 15*w**2 + 105*w. What is v(-7)?
0
Let k(q) = -2*q**3 - 25*q**2 + 570. Determine k(-9).
3
Let c(u) = u**2 + 4*u - 3. Determine c(-5).
2
Let d(f) = -1805*f - 27086. What is d(-15)?
-11
Let k(h) = -57*h - 2889. Calculate k(-48).
-153
Let s(p) = 24*p**2 - 141*p + 5. Give s(6).
23
Let i(x) = -2*x**3 - 22*x**2 - 41*x - 10. Calculate i(-8).
-66
Let d(c) = 2*c - 126. Give d(61).
-4
Let j(p) = -p**2 - 3*p + 10. Give j(3).
-8
Let o(r) = -5*r**2 - 26*r + 21. Calculate o(-9).
-150
Let r(c) = -c**2 - 16*c + 72. What is r(0)?
72
Let h(f) = -f**2 + 24*f - 10. Calculate h(-6).
-190
Let f(m) = 25*m**2 - 181*m + 12. Give f(8).
164
Let k(i) = -22*i - 207. Give k(-9).
-9
Let n(s) = -47*s + 4736. Give n(101).
-11
Let o(d) = 204*d - 8641. Determine o(43).
131
Let v(h) = 2*h**3 + 38*h**2 + 75*h + 25. Determine v(-17).
-94
Let s(f) = -f**3 - 20*f**2 - 31*f + 67. Determine s(-20).
687
Let q(g) = -g**3 - 12*g**2 - 20*g - 426. Determine q(-13).
3
Let r(f) = 34*f**2 + 9*f + 3. Calculate r(-2).
121
Let t(h) = 4995*h - 4966. What is t(1)?
29
Let z(s) = -2*s**3 + 267*s**2 - 178*s + 5975. Determine z(133).
-10
Let c(x) = x**3 + 21*x**2 + 70*x + 17. Calculate c(-17).
-17
Let j(c) = -258*c + 36120. What is j(140)?
0
Let g(h) = 65*h**2 + 5*h + 7. Determine g(-2).
257
Let w(y) = -y**2 - 10*y + 461. What is w(17)?
2
Let p(i) = i**2 + 13*i - 69. Calculate p(13).
269
Let n(p) = 2*p**3 - 24*p**2 + 15*p + 14. Calculate n(11).
-63
Let z(d) = -9*d + 101. What is z(28)?
-151
Let m(l) = 2*l**2 - 10*l + 6. Determine m(2).
-6
Let l(m) = -2*m**3 + 9*m**2 - 15*m + 18. Calculate l(3).
0
Let f(c) = -25*c**2 + 114*c - 72. Determine f(4).
-16
Let x(m) = m**3 + 10*m**2 - 116*m - 11. Give x(7).
10
Let y(v) = -v**3 - 11*v**2 + 6*v + 45. Determine y(-6).
-171
Let d(q) = 453*q - 12232. What is d(27)?
-1
Let a(z) = 217*z**2 - 19747*z - 1. What is a(91)?
-1
Let a(k) = k**2 - 65*k - 164. What is a(67)?
-30
Let v(o) = -18*o - 2158. What is v(-119)?
-16
Let z(t) = -21*t - 32. Give z(-5).
73
Let n(x) = -4*x**2 - 48*x - 9. Determine n(-12).
-9
Let f(v) = -11*v + 121. Determine f(25).
-154
Let j(r) = 3*r**2 + 27*r + 27. Give j(-4).
-33
Let y(a) = -19*a + 82. Calculate y(5).
-13
Let q(h) = -34*h - 447. What is q(-14)?
29
Let j(k) = k**2 - 72*k + 1234. Determine j(28).
2
Let c(t) = t**2 - 2*t - 1925. Determine c(45).
10
Let v(m) = m**3 - 19*m**2 + 103*m - 125. What is v(9)?
-8
Let w(s) = 12*s - 153. Determine w(18).
63
Let w(j) = j**3 - 26*j**2 - 509*j + 45. Calculate w(39).
-33
Let n(d) = 60*d + 21. Calculate n(3).
201
Let u(g) = 3*g**2 - 14*g - 30. Calculate u(-2).
10
Let o(j) = -j**3 + 18*j**2 - 74*j - 40. Calculate o(9).
23
Let s(g) = 21*g - 959. Give s(46).
7
Let r(t) = -t**2 - 8*t + 32. Give r(-10).
12
Let q(n) = 83*n**2 - 661*n - 20. Calculate q(8).
4
Let u(s) = s**2 - 81*s - 6557. Calculate u(131).
-7
Let p(t) = t**2 + 1766*t + 8835. What is p(-5)?
30
Let h(q) = 15*q - 763. What is h(49)?
-28
Let q(m) = 3*m + 56. What is q(12)?
92
Let t(p) = -313*p + 4379. What is t(14)?
-3
Let g(c) = -18*c**3 + 8*c**2 - 8*c + 2. Give g(1).
-16
Let f(t) = t**3 + 65*t**2 + 410*t + 147. Determine f(-58).
-85
Let x(m) = -15*m**2 + 515*m - 181. Determine x(34).
-11
Let v(z) = z**3 + 14*z**2 - 16*z - 208. Calculate v(-10).
352
Let n(j) = -10*j**3 + 5*j**2 + 6*j + 14. Give n(-2).
102
Let w(l) = 16*l + 271. Calculate w(17).
543
Let t(a) = -a**2 - 27*a + 201. What is t(-33)?
3
Let d(g) = -78*g + 93. Determine d(3).
-141
Let z(k) = -14*k**2 + 37*k + 207. What is z(-4)?
-165
Let d(y) = 44*y + 4863. Calculate d(-110).
23
Let w(g) = -g**3 + 58*g**2 - 396*g - 214. Give w(50).
-14
Let o(l) = 7129*l - 57046